3 = -m - 8. Let g(k) = 25*k - 20 - 17*k**2 + 28*k**2 - 12*k**2. List the prime factors of g(m).
2, 5
Suppose 10*u = -2093 + 36513. Let c = u - 2273. What are the prime factors of c?
7, 167
Suppose 2*s = -2*o + 11116, -2*s - 16*o + 11122 = -11*o. What are the prime factors of s?
2, 3, 463
Suppose -8*a + 3*a + 395493 = 32*a. What are the prime factors of a?
3, 7, 509
Let q = 15119 + -8651. List the prime factors of q.
2, 3, 7, 11
Let p(g) = 15392*g**2 + 15*g - 4. List the prime factors of p(-1).
15373
Suppose 0*v = -v - 3*m + 16, 3*v + 2 = m. Let h be (v/3)/((-3)/9). What are the prime factors of h/(-1)*(-34)/(-2)?
17
Let l(x) = 29*x - 21. Let j = 106 + -88. List the prime factors of l(j).
3, 167
Let s be 2/(-12) - 203/6. Let w = -25 - s. Suppose w*l - 4*l - 405 = 0. List the prime factors of l.
3
Let i(s) = -2953*s - 7. List the prime factors of i(-2).
17, 347
Suppose -5*x + 4*y + 2529 = -4260, -4*y = x - 1353. Suppose x = 5*f - r, -2*f = r + 99 - 646. What are the prime factors of f?
2, 17
Let t be ((-10)/5 + 7)*-1. Let y be 1*2/t - 4/(-10). Suppose y = 5*w + 4*x - 929, 0 = w - 3*w - 3*x + 373. What are the prime factors of w?
5, 37
Let l = 61805 + -14301. List the prime factors of l.
2, 2969
Let d = -578 - -153. Let z = d - -733. What are the prime factors of z?
2, 7, 11
Suppose 463*s = 458*s + 1980. Suppose 148*b = 152*b - s. What are the prime factors of b?
3, 11
Suppose -3*a + 0*m + 878 = 5*m, 0 = a - 5*m - 306. List the prime factors of (-3)/(15/20) + a.
2, 73
Let s(z) = -7*z - 15. Let x be s(-5). Let y(a) = -a**2 + 19*a + 23. Let q be y(x). Suppose -q*n + 244 = -35. What are the prime factors of n?
3, 31
Suppose 0 = -4*n - 2*r - 2, 3*r + 1 = -2. Let h be ((0 - n) + -3)*(-2)/3. Suppose -s + 16 = 5*y + 2, y - 19 = -h*s. List the prime factors of s.
3
Suppose -2*d = 2*f + 624, -5*d + 8*d + 2*f + 937 = 0. Let r = d - -682. What are the prime factors of r?
3, 41
Suppose 0 = -0*h + 2*h - 4. Suppose 0 = 8*q - 92 - 148. Suppose -h*f + 5*s + 206 = 0, 0 = -2*f - 4*s + 194 + q. List the prime factors of f.
2, 3
Let n(u) = -u**2 - 6*u - 1. Let k be n(-7). Let h = 8 + k. Suppose h = -5*j + 2*t + 375, 81 = 4*j + 4*t - 191. List the prime factors of j.
73
What are the prime factors of (-29980280)/(-915)*3/4?
2, 11, 1117
Let w = -5074 - -15382. List the prime factors of w.
2, 3, 859
Suppose 58*n - 73*n + 50445 + 104895 = 0. What are the prime factors of n?
2, 3, 863
Let t = -8842 - -16310. List the prime factors of t.
2, 1867
Let y(g) = -5*g**3 + 26*g**2 + 7*g - 51. Let s(o) = 4*o**3 - 25*o**2 - 7*o + 52. Let r(t) = -4*s(t) - 3*y(t). What are the prime factors of r(20)?
3, 5, 59
Let w(s) = s**2 - 11*s - 1. Let o be w(11). Let k be (o - 4)*(-10)/(-25). List the prime factors of 50 + 15 - (k - 3 - -1).
3, 23
Let s(m) = m**2 - 10*m + 10. Let q be s(10). Let a(b) be the second derivative of 2*b**3/3 - 19*b**2 - 19*b. List the prime factors of a(q).
2
Let d = -3672 + 10784. Suppose 17*v - 24*v = -d. List the prime factors of v.
2, 127
Let t(z) be the third derivative of -z**4/12 + 5*z**3/3 - 19*z**2. Let m be t(0). What are the prime factors of 1058/m - (-2)/10?
2, 53
Let h = 5637 + -2019. Suppose 20*b - h = 7102. What are the prime factors of b?
2, 67
Suppose 0 = -4*s + 20, s - 40 = -5*b + 4*s. Suppose -b*k + 6123 = -10102. What are the prime factors of k?
5, 59
Suppose 0 = 28*v - 33355 + 8351. List the prime factors of v.
19, 47
Suppose 19*i = 15*i + 28964. Suppose 9*c - i = 382. List the prime factors of c.
7, 11
Let n = -7121 - -16260. List the prime factors of n.
13, 19, 37
Let t(m) = 1783 + 6*m + 5*m - 7*m**2 - 1820 + m**3. What are the prime factors of t(7)?
2, 5
Suppose -2*w + 3*h + 18 = 5*h, -2*w + 4*h = 12. Let i(l) = 38*l - 71. What are the prime factors of i(w)?
3
Let w(v) = -v**3 + 9*v**2. Let s(j) = j**2 + j + 1. Let a(u) = -2*s(u) + w(u). Let i = 21 - 15. What are the prime factors of a(i)?
2, 11
Let i(a) = 325*a**2 - a - 857. What are the prime factors of i(-14)?
239, 263
Let i = -232 - -199. Let m = -18 - i. List the prime factors of m.
3, 5
Let f = 1253 + -284. Let i = 1381 - f. What are the prime factors of i?
2, 103
Suppose 4*q = 3*q + 3*d + 419, 5*q + 5*d - 1995 = 0. Suppose 17 + 163 = 45*i. Suppose -4*j + 5*m = -0*m - 401, q = 4*j - i*m. What are the prime factors of j?
2, 13
List the prime factors of (10 + -3 - 8)*-5133.
3, 29, 59
Let i(k) = 2783*k + 26. What are the prime factors of i(4)?
2, 7, 797
Suppose -11271 = -15*r + 12969. Let i = r + -481. What are the prime factors of i?
5, 227
List the prime factors of (-318485)/(-9) - (10/(-3) + 3936/1107).
11, 3217
Let z(h) = -h**2 + 27. Let f be z(-5). Let j be -1*(f + -3) + -1. Suppose -4*d + 5*d - 21 = j. List the prime factors of d.
3, 7
Let v(w) = w**2 - 9*w. Let f be v(16). Let r = f + -92. Suppose 27*l = r*l + 287. List the prime factors of l.
41
Suppose 4*a + 2*t = -0*t + 14, 0 = -5*a + 4*t + 37. Suppose h - 242 = -5*o + 601, 2*h = -a*o + 846. Suppose 9*y = 5*y + o. What are the prime factors of y?
2, 3, 7
Let v = -34 - -46. Let b be 5 - 4*-1*v/(-16). Suppose 0 = -b*q - 4*u + 66, 5*u = 3*q - 82 - 17. List the prime factors of q.
3, 11
Let b(x) = 108*x**3 + x**2 - 32*x + 2. List the prime factors of b(5).
13367
Let c(k) = 3*k**2 - 5*k. Suppose 44 = f + 3*f. Suppose f = -2*r + 19. What are the prime factors of c(r)?
2, 7
Let j = 55364 + -27915. List the prime factors of j.
27449
Suppose -5*c = -91 - 969. Let j = c - -106. List the prime factors of j.
2, 3, 53
Let i(t) = 13*t - 41. Let r be i(2). Suppose k - 4*f + 26 = 2*k, k - 40 = 3*f. Let c = r + k. List the prime factors of c.
19
Let v(x) = 7*x**2 - 14*x - 12. Let p(t) = -2*t + 1. Let l(d) = -4*p(d) + v(d). Let c(f) = -f - 9. Let u be c(-5). What are the prime factors of l(u)?
2, 3, 5
Suppose 156*k = 75*k + 102*k - 271950. List the prime factors of k.
2, 5, 7, 37
Let b(a) = -a**3 + 7*a**2 - 10*a + 9. Let y be b(6). What are the prime factors of -7 + (-1242)/y - (-2)/10?
2, 19
Let p = 10 - 4. Let b(y) = y**3 - 7*y**2 + 5*y + 2. Let k be b(p). List the prime factors of k + 6*13 - (-2)/2.
3, 5
What are the prime factors of (1 + -182)*(-169 + 112)?
3, 19, 181
Let g(y) = 76*y + 150. Let h be g(9). Let z = -294 + h. List the prime factors of z.
2, 3, 5
Let b(y) = -9*y + 282. Let x(c) = 10*c - 282. Let o(m) = 5*b(m) + 4*x(m). What are the prime factors of o(0)?
2, 3, 47
Let q be 0 - 1909/(-3) - 4/(-6). Suppose -q - 422 = -3*m. What are the prime factors of m?
353
Suppose -834*o + 835*o = -m + 10830, 0 = -2*m - 14. What are the prime factors of o?
10837
Suppose 1640160 = 23*o - 111589. List the prime factors of o.
76163
Let i = -67 - -86. Suppose 11*a - i*a = -1104. Suppose -a = -23*f + 20*f. What are the prime factors of f?
2, 23
Let y(a) = -39*a**3 - 2*a**2 + a - 71. List the prime factors of y(-5).
3, 1583
Let d be (-2 - 1)/(((-14)/(-7))/(-554)). Let u = d - 348. List the prime factors of u.
3, 7, 23
Let b(q) = 2*q**2 - 30*q - 21. Let n be b(-13). Suppose 3*z = n + 55. List the prime factors of z.
2, 127
Suppose -8*s + 2161 = -1087. Let g = s - 74. What are the prime factors of g?
2, 83
Let c be (-11 - -5)*416/2. What are the prime factors of ((-34)/(-3))/((-26)/c)?
2, 17
Let d = -64 + 69. Suppose 2*w - d + 19 = 0. List the prime factors of (-2)/w + 21386/119.
2, 3, 5
Let x(q) = 4*q**2 - 7*q + 3. Let d be x(9). Let i be d/14*140/40. Suppose 4*o - o = 5*f + i, 4*o - 102 = 2*f. List the prime factors of o.
3
Suppose -4*s + 5*h - 448 - 2670 = 0, -3*s = h + 2348. Let z = -318 - s. What are the prime factors of z?
2, 29
Suppose -2 = -w - 0*w. Suppose -8*k = -w + 2. Suppose 0*d - d - 2*l + 199 = k, d + 4*l - 205 = 0. What are the prime factors of d?
193
Suppose 0 = -7*w + w + 2694. Let t = w - 136. What are the prime factors of t?
313
Let c = -2602 + 4961. What are the prime factors of c?
7, 337
Suppose 3*t + t = 5024. Suppose -t = -5*k + k. Suppose 6*x - 461 = 3*x - i, 2*x = -4*i + k. List the prime factors of x.
3, 17
Let j be 8/(-4) - -7*8. Let a = j - 44. Suppose -12*o + 20 = -a*o. What are the prime factors of o?
2, 5
Let t = 129 + -127. Suppose 610 = 3*b + 4*v, -t*v = b - 62 - 144. List the prime factors of b.
2, 3, 11
Let h(d) = -38 - 24*d - 45*d - 7*d. Let g be h(-11). Suppose -5*p - 393 + 115 = -c, -3*c - 3*p = -g. What are the